 What is d(-3)?
65
Let c(h) = -h**2 + 11*h - 24. Determine c(12).
-36
Let i(j) = 303*j + 552. Calculate i(-2).
-54
Let q(j) = 280*j - 1686. Calculate q(6).
-6
Let z(v) = v**2 - 2*v + 6. Give z(-12).
174
Let a(h) = -38*h + 973. Calculate a(25).
23
Let u(l) = -69*l**2 + 4289*l - 677. What is u(62)?
5
Let z(h) = 8*h**3 - 27*h**2 + 33. Calculate z(3).
6
Let o(i) = -3*i**2 + 526*i - 3068. Determine o(6).
-20
Let y(s) = s**3 + 16*s**2 - 46*s - 471. Give y(-17).
22
Let l(o) = -o**3 - 10*o**2 - 12*o - 6. Determine l(-8).
-38
Let w(y) = -56*y + 958. Calculate w(20).
-162
Let h(f) = -f**2 - 26*f - 157. Determine h(-22).
-69
Let n(z) = 3*z**2 + 42*z - 166. Calculate n(-17).
-13
Let o(h) = h**3 - 185*h**2 + 696*h + 128. Give o(4).
16
Let l(t) = -t**2 - 57*t - 820. Calculate l(-22).
-50
Let w(j) = 3*j**2 + 8*j - 58. Determine w(4).
22
Let h(g) = 2*g**3 - 53*g**2 + 66*g + 54. Calculate h(25).
-171
Let l(j) = 445*j - 2673. Give l(6).
-3
Let z(l) = -703*l - 5255. What is z(-8)?
369
Let v(b) = -3*b**3 - 34*b**2 - 109*b - 139. Give v(-7).
-13
Let h(j) = 5*j**3 - 2*j**2 - 2*j - 17. Determine h(4).
263
Let r(i) = -68*i**2 + 613*i + 19. What is r(9)?
28
Let x(n) = -2*n**3 + 80*n**2 - 79*n + 43. What is x(39)?
4
Let o(k) = -k**3 - 2*k**2 + 23*k - 2. Calculate o(4).
-6
Let r(t) = 65*t + 1220. Determine r(-16).
180
Let k(a) = a**2 - 51*a - 69. What is k(52)?
-17
Let d(m) = m**2 + 88*m - 4295. Calculate d(35).
10
Let i(f) = -f**3 + 10*f**2 - 62*f + 191. Calculate i(5).
6
Let r(v) = v**3 + 8*v**2 - 382*v - 28. What is r(16)?
4
Let x(m) = 2*m**2 + m + 9. Determine x(-6).
75
Let d(n) = n**3 - 6*n**2 + 2*n - 57. Calculate d(7).
6
Let q(w) = -2*w**2 - 30*w - 66. Calculate q(-12).
6
Let k(l) = l**2 + 481*l + 3778. Calculate k(-8).
-6
Let g(c) = -137*c + 5489. Calculate g(40).
9
Let i(t) = -t**3 + 2*t**2 + 123*t - 45. Calculate i(12).
-9
Let l(o) = -o**3 + 12*o**2 + 67*o - 57. Determine l(16).
-9
Let d(h) = 153*h**3 - 7343*h**2 - 47*h - 57. Calculate d(48).
-9
Let t(p) = -2*p**2 - 27*p - 86. Determine t(-16).
-166
Let n(v) = v**2 + 6*v - 1517. What is n(-42)?
-5
Let u(w) = 783*w - 200. Calculate u(2).
1366
Let n(p) = -33*p + 1128. Calculate n(34).
6
Let o(h) = -2*h**3 + 64*h**2 + 66*h + 2. Calculate o(33).
2
Let t(o) = 8*o**2 + 357*o + 221. Determine t(-44).
1
Let w(i) = 643*i + 7791. Calculate w(-12).
75
Let b(y) = 2*y**2 - 121*y + 1136. What is b(49)?
9
Let n(u) = -192*u**3 + 4*u**2 + 4*u + 4. Determine n(-1).
196
Let r(v) = 114*v + 1478. Calculate r(-13).
-4
Let g(x) = -33*x + 52. Calculate g(-3).
151
Let o(m) = m**2 + 1337*m - 23036. Determine o(17).
-18
Let g(r) = 2*r**3 - 600*r**2 + 2949*r + 293. Determine g(295).
-2
Let u(m) = 2*m**2 + 392*m + 1504. Give u(-192).
-32
Let d(b) = -b**3 - 6*b**2 - 2*b + 21. Determine d(-9).
282
Let o(g) = -g**3 + 18*g**2 + 41*g + 24. What is o(20)?
44
Let f(r) = -7*r**3 + 272*r**2 + 39*r - 10. Determine f(39).
-10
Let t(l) = -l**3 + 147*l**2 + 130*l + 2668. Calculate t(148).
4
Let q(g) = -g**3 + 40*g**2 + 85*g - 25. Determine q(42).
17
Let k(r) = 98*r**2 - 1263*r - 142. What is k(13)?
1
Let d(h) = h**2 + 1304*h - 9185. Give d(7).
-8
Let a(m) = 3*m**2 - 165*m + 763. Determine a(5).
13
Let d(u) = -4*u**3 + 76*u**2 + 9*u - 35. Calculate d(19).
136
Let d(y) = -y**3 + 107*y**2 - 8. Determine d(107).
-8
Let g(m) = m**2 - 11*m + 45. Determine g(7).
17
Let z(r) = -r**2 - 84*r - 1639. Calculate z(-53).
4
Let c(z) = -2*z**3 - 2*z**2 - 3*z + 43. Give c(0).
43
Let x(s) = s**2 + 18*s + 26. Determine x(-16).
-6
Let j(n) = n**3 + 48*n**2 + 217*n + 80. Give j(-43).
-6
Let v(g) = -91*g + 1942. Calculate v(22).
-60
Let r(k) = 2*k + 154. Calculate r(18).
190
Let w(j) = -j**2 + 24*j + 4319. Calculate w(79).
-26
Let k(p) = 1712*p + 273921. What is k(-160)?
1
Let v(k) = -k**2 - 140*k + 1843. Determine v(12).
19
Let q(h) = 2*h**2 - 497*h + 27. What is q(0)?
27
Let c(h) = 2741*h + 16451. What is c(-6)?
5
Let o(q) = -41*q**2 - 194*q + 42. Calculate o(-5).
-13
Let l(m) = 69*m - 2280. Calculate l(33).
-3
Let o(y) = -2*y**2 + 7*y + 57. What is o(-4)?
-3
Let t(p) = -220*p + 771. Give t(4).
-109
Let h(c) = 51*c + 1784. Give h(-35).
-1
Let f(w) = -3*w**3 + 10*w**2 - 6*w + 7. Calculate f(3).
-2
Let l(s) = -11*s - 297. What is l(-17)?
-110
Let x(k) = 18*k - 125. Determine x(15).
145
Let k(s) = -653*s - 31340. Determine k(-48).
4
Let p(m) = -m**2 - 28*m + 14. What is p(-7)?
161
Let h(c) = -c**2 + 25*c + 227. What is h(31)?
41
Let a(o) = -1834*o + 18454. Calculate a(10).
114
Let n(m) = m**2 + 157*m + 5175. Calculate n(-110).
5
Let k(z) = -17*z**2 + 4*z - 3. Determine k(-1).
-24
Let q(z) = -13*z + 9. Determine q(0).
9
Let n(t) = -6*t - 110. Calculate n(-26).
46
Let k(x) = -3*x**3 + 4*x**2 + 5*x - 1. Give k(-2).
29
Let o(j) = 3*j**2 - 85*j + 244. What is o(24)?
-68
Let f(r) = 6*r**2 - 142*r + 461. What is f(4)?
-11
Let w(y) = 15*y**2 - 131*y - 378. Give w(11).
-4
Let g(c) = -134*c + 525. Calculate g(4).
-11
Let r(s) = -s**3 + 81*s**2 - 1551*s - 836. What is r(49)?
-3
Let w(o) = -17*o**2 - 58*o + 3. What is w(-6)?
-261
Let y(w) = -w**3 + 9*w - 7. Give y(5).
-87
Let a(n) = -1156*n + 8170. Give a(7).
78
Let d(s) = -38*s - 759. Give d(-19).
-37
Let d(n) = n**2 - 36*n - 47. What is d(41)?
158
Let n(r) = 3*r**2 + 131*r + 1225. Determine n(-10).
215
Let g(b) = -132*b + 9. What is g(-2)?
273
Let b(p) = -62*p - 9. What is b(0)?
-9
Let j(m) = 3*m**3 + 477*m**2 + 7*m + 1065. What is j(-159)?
-48
Let f(b) = b**2 + 23*b - 93. Calculate f(-25).
-43
Let a(h) = -h**2 - 23*h - 68. Give a(-22).
-46
Let l(b) = b**2 - 78*b + 197. Give l(76).
45
Let n(x) = -x**2 + 66*x + 373. Calculate n(-5).
18
Let o(g) = -9*g**2 - 29*g + 371. Calculate o(5).
1
Let k(b) = 31*b + 777. Calculate k(-29).
-122
Let s(y) = 167*y - 2843. Determine s(17).
-4
Let d(u) = 3*u**2 - 37*u + 89. Calculate d(10).
19
Let l(y) = -42*y**2 + 332*y + 4. Determine l(8).
-28
Let y(z) = -46*z**2 - 74*z + 160. Determine y(2).
-172
Let b(p) = -242*p + 5069. Give b(21).
-13
Let i(b) = -b**3 + 9*b**2 + 10*b - 99. Calculate i(9).
-9
Let d(v) = -50*v - 1980. Determine d(-40).
20
Let i(q) = -q**3 + 53*q**2 + 108*q - 6. Determine i(55).
-116
Let x(u) = -2*u**3 - 5*u**2 - 17*u + 18. Determine x(-6).
372
Let o(b) = -5*b**2 - 54*b + 8. Calculate o(-11).
-3
Let l(m) = 9*m - 323. Determine l(23).
-116
Let k(s) = -24*s - 171. Give k(-8).
21
Let w(s) = 162*s**3 + s**2. What is w(-1)?
-161
Let c(v) = -11*v**3 + 40*v**2 - 35*v + 45. What is c(3)?
3
Let l(u) = -17*u + 68. Give l(3).
17
Let k(i) = -76*i - 1746. Determine k(-23).
2
Let y(b) = 5*b**2 - 152*b - 102. Calculate y(32).
154
Let d(u) = u**3 + 55*u**2 + 619*u - 195. Calculate d(-39).
0
Let u(f) = -2*f**2 - 260*f + 2075. Determine u(8).
-133
Let a(i) = i**2 - 1551*i + 9282. Calculate a(6).
12
Let j(r) = 2*r**3 + 6*r**2 - 142*r - 741. Determine j(-5).
-131
Let o(n) = 6*n + 386. Determine o(-64).
2
Let u(o) = 3*o**2 - 148*o + 64. Calculate u(50).
164
Let u(w) = 8*w**2 - 4. Determine u(-3).
68
Let n(w) = 45*w + 668. Determine n(-15).
-7
Let o(m) = m**3 - 21*m**2 + 89*m - 61. Calculate o(7).
-124
Let n(l) = -l**3 + 22*l**2 + 49*l + 1. Give n(-2).
-1
Let h(t) = t**3 + 3*t**2 - 149*t + 38. Give h(-14).
-32
Let g(u) = 15*u + 63. Calculate g(-5).
-12
Let g(l) = -118*l + 1170. Calculate g(10).
-10
Let v(i) = -13*i - 545. Calculate v(-53).
144
Let i(j) = 1213*j - 183170. Determine i(151).
-7
Let k(t) = 2*t**2 + 4*t + 91. Determine k(-13).
377
Let c(l) = -l**3 - 6*l**2 + 11*l + 12. Determine c(-7).
-16
Let l(k) = -5*k**2 - 158*k - 1079. Calculate l(-10).
1
Let n(a) = 2*a - 101. Give n(31).
-39
Let p(x) = -83*x - 12199. What is p(-147)?
2
Let m(j) = 23*j**3 - j**2 + 7*j - 6. Calculate m(2).
188
Let v(o) = -o**2 + 249*o - 2343. Give v(10).
47
Let r(f) = f**3 + 4*f**2 + 69*f + 192. What is r(-3)?
-6
Let c(v) = 165*v - 1238. What is c(8)?
82
Let j(c) = 14*c**3 - 2*c**2 + 8*c - 7. What is j(2)?
113
Let w(h) = -59628*h + 238519. Calculate w(4).
7
Let y(h) = -6*h + 51. What is y(-5)?
81
Let p(t) = 3*t**2 - 11*t + 66. Calculate p(4).
70
Let w(f) = 2*f**3 + 17*f**2 - 115*f + 19. Determine w(-13).
-7
Let l(v) = v**2 - 19*v - 465. Give l(30).
-135
Let o(v) = -187*v**3 - v**2 + 2*v - 2. Give o(1).
-188
Let i(r) = -r**3 - 7*r**2 + 16*r + 131. Give i(-6).
-1
Let t(l) = -16*l**2 - l + 56. Calculate t(2).
-10
Let j(y